NOAA-style Climate Reports

   V/Λ SELECT: Month and Year   OR  >   Month
                   Monthly Climatological Summary for mai 2022

Name: Météo Orny   City: Orny   State: France
Elevation: 249 m  Lat: N 49° 01' 27"   Lon: E 006° 14' 44"

                  Temperature (°C), Rain (mm), Wind Speed (km/h)

                                      Heat  Cool        Avg
    Mean                              Deg   Deg         Wind                 Dom
Day Temp  High   Time   Low    Time   Days  Days  Rain  Speed High   Time    Dir
----------------------------------------------------------------------------------
01  10,2  15,8   17:39   4,1   05:55   8,1   0,0   0,0   4,3  19,0   11:55    NE
02  13,2  20,3   16:47   6,4   06:09   5,2   0,1   0,0   6,0  23,0   13:31    NE
03  14,5  20,7   15:51   9,3   07:10   4,1   0,3   0,0   6,1  24,0   19:50   NNE
04  14,3  20,7   15:56   8,6   05:29   4,2   0,3   0,0   4,7  29,0   17:07    NO
05  13,5  17,8   17:40   9,9   07:24   4,8   0,0   2,4   3,1  19,0   01:03    NE
06  14,4  20,7   17:24   8,0   06:44   4,3   0,4   0,0   5,4  26,0   10:54    NE
07  14,9  22,1   17:03   8,3   04:48   4,1   0,7   0,6   4,6  34,0   18:47     N
08  15,7  21,7   15:16   9,7   03:27   3,3   0,7   0,0   7,5  31,0   21:17   NNE
09  16,9  24,3   17:29   9,0   06:12   3,1   1,7   0,0   5,3  27,0   15:01    NE
10  18,0  24,9   18:41   9,6   06:45   2,6   2,3   0,0   4,5  27,0   13:48   SSO
11  21,1  27,7   15:36  14,1   05:24   1,0   3,8   0,0  12,2  55,0   13:23   SSO
12  17,4  21,3   15:59  12,9   05:34   1,5   0,6   0,0   7,9  31,0   13:10   OSO
13  16,1  20,6   17:27  11,8   07:14   2,6   0,4   0,0   6,1  27,0   12:23     O
14  15,9  23,0   16:55   8,1   06:13   3,5   1,1   0,0   2,4  18,0   12:47    NE
15  18,8  27,7   17:53   9,1   05:15   2,7   3,3   0,0   5,8  24,0   12:28     E
16  19,0  22,4   18:08  15,6   23:39   0,4   1,1   0,4   7,7  39,0   11:10    SO
17  19,4  26,3   17:50  11,4   05:39   1,8   2,9   0,0   3,9  23,0   14:41     E
18  21,4  28,9   15:43  12,6   05:38   1,2   4,3   0,0   4,6  21,0   17:12   ENE
19  22,7  29,6   14:57  15,4   06:10   0,3   4,7   0,0   7,6  32,0   14:38     S
20  20,6  27,3   14:20  13,8   23:59   0,6   2,9   2,2   8,7  51,0   18:26    SO
21  15,6  21,7   18:11   9,3   04:55   3,4   0,7   0,0   6,5  24,0   10:45   OSO
22  16,8  22,6   15:21   9,2   05:29   2,8   1,2   0,0   4,0  26,0   16:06    NE
23  17,0  22,6   16:39  13,6   07:48   1,9   0,6   7,0   9,9  58,0   18:03   SSO
----------------------------------------------------------------------------------
    16,8  29,6    19     4,1     1    67,5  34,1  12,6   6,0  58,0    23      SO

Max >=  27,0  5
Max <=   0,0  0
Min <=   0,0  0
Min <= -18,0  0
Max Rain: 7,0 on day 23
Days of Rain: 5 (>= 0,2 mm)  3 (>= 2,0 mm)  0 (>= 20,0 mm)
Heat Base: 18,3  Cool Base: 18,3  Method: Integration

Powered by Davis Vantage Pro2  and   CumulusMX   v 3.15.3 (b3173)   MXUI Template v 2.2.3 by  Silver Acorn     Valid HTML5